{"id":146,"date":"2021-10-19T15:22:45","date_gmt":"2021-10-19T13:22:45","guid":{"rendered":"https:\/\/miriamcastleweiss.de\/business\/?page_id=146"},"modified":"2023-03-07T13:45:47","modified_gmt":"2023-03-07T12:45:47","slug":"impressum","status":"publish","type":"page","link":"https:\/\/miriamcastleweiss.de\/business\/impressum\/","title":{"rendered":"Impressum"},"content":{"rendered":"\t\t<div data-elementor-type=\"wp-page\" data-elementor-id=\"146\" class=\"elementor elementor-146\" data-elementor-post-type=\"page\">\n\t\t\t\t\t\t<section class=\"elementor-section elementor-top-section elementor-element elementor-element-69e915b elementor-section-boxed elementor-section-height-default elementor-section-height-default\" data-id=\"69e915b\" data-element_type=\"section\" data-e-type=\"section\">\n\t\t\t\t\t\t<div class=\"elementor-container elementor-column-gap-custom\">\n\t\t\t\t\t<div class=\"elementor-column elementor-col-100 elementor-top-column elementor-element elementor-element-876f6b6\" data-id=\"876f6b6\" data-element_type=\"column\" data-e-type=\"column\">\n\t\t\t<div class=\"elementor-widget-wrap elementor-element-populated\">\n\t\t\t\t\t\t<div class=\"elementor-element elementor-element-454a2930 elementor-widget elementor-widget-heading\" data-id=\"454a2930\" data-element_type=\"widget\" data-e-type=\"widget\" data-widget_type=\"heading.default\">\n\t\t\t\t<div class=\"elementor-widget-container\">\n\t\t\t\t\t<h2 class=\"elementor-heading-title elementor-size-default\">Impressum<\/h2>\t\t\t\t<\/div>\n\t\t\t\t<\/div>\n\t\t\t\t<section class=\"elementor-section elementor-inner-section elementor-element elementor-element-7f2e681 elementor-section-boxed elementor-section-height-default elementor-section-height-default\" data-id=\"7f2e681\" data-element_type=\"section\" data-e-type=\"section\">\n\t\t\t\t\t\t<div class=\"elementor-container elementor-column-gap-default\">\n\t\t\t\t\t<div class=\"elementor-column elementor-col-50 elementor-inner-column elementor-element elementor-element-2f6b24ec\" data-id=\"2f6b24ec\" data-element_type=\"column\" data-e-type=\"column\">\n\t\t\t<div class=\"elementor-widget-wrap elementor-element-populated\">\n\t\t\t\t\t\t<div class=\"elementor-element elementor-element-4b070701 elementor-widget elementor-widget-text-editor\" data-id=\"4b070701\" data-element_type=\"widget\" data-e-type=\"widget\" data-widget_type=\"text-editor.default\">\n\t\t\t\t<div class=\"elementor-widget-container\">\n\t\t\t\t\t\t\t\t\t<p class=\"paragraph_style_1\">Miriam Castle-Weiss<\/p><p class=\"paragraph_style_1\">Sch\u00e4fergasse 3<\/p><p class=\"paragraph_style_1\">65817 Eppstein<\/p><p class=\"paragraph_style_1\">Kontakt:<br \/>Telefon: +49 178 27 15 204<br \/>E-Mail: foto@miriamcastleweiss.de<\/p><p>Umsatzsteuer-Identifikationsnummer laut \u00a727a Umsatzsteuergesetz:\u00a0DE298046025<\/p><p class=\"paragraph_style_1\">Eingetragen als Fotograf bei der Handwerkskammer Frankfurt<\/p><p class=\"paragraph_style_1\">\u00a0<\/p><p class=\"paragraph_style_1\">Haftungsausschluss (Disclaimer)<\/p><p class=\"paragraph_style_1\">Haftung f\u00fcr Inhalte<\/p><p class=\"paragraph_style_1\">Als Diensteanbieter sind wir gem\u00e4\u00df \u00a7 7 Abs.1 TMG f\u00fcr eigene Inhalte auf diesen Seiten nach den allgemeinen Gesetzen verantwortlich. Nach \u00a7\u00a7 8 bis 10 TMG sind wir als Diensteanbieter jedoch nicht verpflichtet, \u00fcbermittelte oder gespeicherte fremde Informationen zu \u00fcberwachen oder nach Umst\u00e4nden zu forschen, die auf eine rechtswidrige T\u00e4tigkeit hinweisen. Verpflichtungen zur Entfernung oder Sperrung der Nutzung von Informationen nach den allgemeinen Gesetzen bleiben hiervon unber\u00fchrt. Eine diesbez\u00fcgliche Haftung ist jedoch erst ab dem Zeitpunkt der Kenntnis einer konkreten Rechtsverletzung m\u00f6glich. Bei Bekanntwerden von entsprechenden Rechtsverletzungen werden wir diese Inhalte umgehend entfernen.<\/p><p class=\"paragraph_style_1\">Haftung f\u00fcr Links<\/p><p class=\"paragraph_style_1\">Unser Angebot enth\u00e4lt Links zu externen Webseiten Dritter, auf deren Inhalte wir keinen Einfluss haben. Deshalb k\u00f6nnen wir f\u00fcr diese fremden Inhalte auch keine Gew\u00e4hr \u00fcbernehmen. F\u00fcr die Inhalte der verlinkten Seiten ist stets der jeweilige Anbieter oder Betreiber der Seiten verantwortlich. Die verlinkten Seiten wurden zum Zeitpunkt der Verlinkung auf m\u00f6gliche Rechtsverst\u00f6\u00dfe \u00fcberpr\u00fcft. Rechtswidrige Inhalte waren zum Zeitpunkt der Verlinkung nicht erkennbar. Eine permanente inhaltliche Kontrolle der verlinkten Seiten ist jedoch ohne konkrete Anhaltspunkte einer Rechtsverletzung nicht zumutbar. Bei Bekanntwerden von Rechtsverletzungen werden wir derartige Links umgehend entfernen.<\/p><p class=\"paragraph_style_1\">Urheberrecht<\/p><p class=\"paragraph_style_1\">Die durch die Seitenbetreiber erstellten Inhalte und Werke auf diesen Seiten unterliegen dem deutschen Urheberrecht. Die Vervielf\u00e4ltigung, Bearbeitung, Verbreitung und jede Art der Verwertung au\u00dferhalb der Grenzen des Urheberrechtes bed\u00fcrfen der schriftlichen Zustimmung des jeweiligen Autors bzw. Erstellers. Downloads und Kopien dieser Seite sind nur f\u00fcr den privaten, nicht kommerziellen Gebrauch gestattet. Soweit die Inhalte auf dieser Seite nicht vom Betreiber erstellt wurden, werden die Urheberrechte Dritter beachtet. Insbesondere werden Inhalte Dritter als solche gekennzeichnet. Sollten Sie trotzdem auf eine Urheberrechtsverletzung aufmerksam werden, bitten wir um einen entsprechenden Hinweis. Bei Bekanntwerden von Rechtsverletzungen werden wir derartige Inhalte umgehend entfernen.<\/p>\t\t\t\t\t\t\t\t<\/div>\n\t\t\t\t<\/div>\n\t\t\t\t\t<\/div>\n\t\t<\/div>\n\t\t\t\t<div class=\"elementor-column elementor-col-50 elementor-inner-column elementor-element elementor-element-553b707c\" data-id=\"553b707c\" data-element_type=\"column\" data-e-type=\"column\">\n\t\t\t<div class=\"elementor-widget-wrap\">\n\t\t\t\t\t\t\t<\/div>\n\t\t<\/div>\n\t\t\t\t\t<\/div>\n\t\t<\/section>\n\t\t\t\t\t<\/div>\n\t\t<\/div>\n\t\t\t\t\t<\/div>\n\t\t<\/section>\n\t\t\t\t<\/div>\n\t\t","protected":false},"excerpt":{"rendered":"<p>Impressum Miriam Castle-Weiss Sch\u00e4fergasse 3 65817 Eppstein Kontakt:Telefon: +49 178 27 15 204E-Mail: foto@miriamcastleweiss.de Umsatzsteuer-Identifikationsnummer laut \u00a727a Umsatzsteuergesetz:\u00a0DE298046025 Eingetragen als Fotograf bei der Handwerkskammer Frankfurt \u00a0 Haftungsausschluss (Disclaimer) Haftung f\u00fcr Inhalte Als Diensteanbieter sind wir gem\u00e4\u00df \u00a7 7 Abs.1 TMG f\u00fcr eigene Inhalte auf diesen Seiten nach den allgemeinen Gesetzen verantwortlich. Nach \u00a7\u00a7 8 bis [&hellip;]<\/p>\n","protected":false},"author":1,"featured_media":0,"parent":0,"menu_order":0,"comment_status":"closed","ping_status":"closed","template":"elementor_header_footer","meta":{"_acf_changed":false,"footnotes":""},"class_list":["post-146","page","type-page","status-publish","hentry"],"acf":[],"yoast_head":"<!-- This site is optimized with the Yoast SEO plugin v27.4 - https:\/\/yoast.com\/product\/yoast-seo-wordpress\/ -->\n<title>Impressum - Businessfotografie Wiesbaden<\/title>\n<meta name=\"robots\" content=\"noindex, nofollow\" \/>\n<meta property=\"og:locale\" content=\"de_DE\" \/>\n<meta property=\"og:type\" content=\"article\" \/>\n<meta property=\"og:title\" content=\"Impressum - Businessfotografie Wiesbaden\" \/>\n<meta property=\"og:description\" content=\"Impressum Miriam Castle-Weiss Sch\u00e4fergasse 3 65817 Eppstein Kontakt:Telefon: +49 178 27 15 204E-Mail: foto@miriamcastleweiss.de Umsatzsteuer-Identifikationsnummer laut \u00a727a Umsatzsteuergesetz:\u00a0DE298046025 Eingetragen als Fotograf bei der Handwerkskammer Frankfurt \u00a0 Haftungsausschluss (Disclaimer) Haftung f\u00fcr Inhalte Als Diensteanbieter sind wir gem\u00e4\u00df \u00a7 7 Abs.1 TMG f\u00fcr eigene Inhalte auf diesen Seiten nach den allgemeinen Gesetzen verantwortlich. Nach \u00a7\u00a7 8 bis [&hellip;]\" \/>\n<meta property=\"og:url\" content=\"https:\/\/miriamcastleweiss.de\/business\/impressum\/\" \/>\n<meta property=\"og:site_name\" content=\"Businessfotografie Wiesbaden\" \/>\n<meta property=\"article:publisher\" content=\"https:\/\/www.facebook.com\/miriamcastleweiss.fotografie\" \/>\n<meta property=\"article:modified_time\" content=\"2023-03-07T12:45:47+00:00\" \/>\n<meta name=\"twitter:card\" content=\"summary_large_image\" \/>\n<meta name=\"twitter:label1\" content=\"Gesch\u00e4tzte Lesezeit\" \/>\n\t<meta name=\"twitter:data1\" content=\"2\u00a0Minuten\" \/>\n<script type=\"application\/ld+json\" class=\"yoast-schema-graph\">{\"@context\":\"https:\\\/\\\/schema.org\",\"@graph\":[{\"@type\":\"WebPage\",\"@id\":\"https:\\\/\\\/miriamcastleweiss.de\\\/business\\\/impressum\\\/\",\"url\":\"https:\\\/\\\/miriamcastleweiss.de\\\/business\\\/impressum\\\/\",\"name\":\"Impressum - Businessfotografie Wiesbaden\",\"isPartOf\":{\"@id\":\"https:\\\/\\\/miriamcastleweiss.de\\\/business\\\/#website\"},\"datePublished\":\"2021-10-19T13:22:45+00:00\",\"dateModified\":\"2023-03-07T12:45:47+00:00\",\"breadcrumb\":{\"@id\":\"https:\\\/\\\/miriamcastleweiss.de\\\/business\\\/impressum\\\/#breadcrumb\"},\"inLanguage\":\"de\",\"potentialAction\":[{\"@type\":\"ReadAction\",\"target\":[\"https:\\\/\\\/miriamcastleweiss.de\\\/business\\\/impressum\\\/\"]}]},{\"@type\":\"BreadcrumbList\",\"@id\":\"https:\\\/\\\/miriamcastleweiss.de\\\/business\\\/impressum\\\/#breadcrumb\",\"itemListElement\":[{\"@type\":\"ListItem\",\"position\":1,\"name\":\"Startseite\",\"item\":\"https:\\\/\\\/miriamcastleweiss.de\\\/business\\\/\"},{\"@type\":\"ListItem\",\"position\":2,\"name\":\"Impressum\"}]},{\"@type\":\"WebSite\",\"@id\":\"https:\\\/\\\/miriamcastleweiss.de\\\/business\\\/#website\",\"url\":\"https:\\\/\\\/miriamcastleweiss.de\\\/business\\\/\",\"name\":\"Businessfotografie Wiesbaden\",\"description\":\"Businessbilder mit Geschichte\",\"publisher\":{\"@id\":\"https:\\\/\\\/miriamcastleweiss.de\\\/business\\\/#\\\/schema\\\/person\\\/d01a7d24adce76fe0deb0b88233ce758\"},\"potentialAction\":[{\"@type\":\"SearchAction\",\"target\":{\"@type\":\"EntryPoint\",\"urlTemplate\":\"https:\\\/\\\/miriamcastleweiss.de\\\/business\\\/?s={search_term_string}\"},\"query-input\":{\"@type\":\"PropertyValueSpecification\",\"valueRequired\":true,\"valueName\":\"search_term_string\"}}],\"inLanguage\":\"de\"},{\"@type\":[\"Person\",\"Organization\"],\"@id\":\"https:\\\/\\\/miriamcastleweiss.de\\\/business\\\/#\\\/schema\\\/person\\\/d01a7d24adce76fe0deb0b88233ce758\",\"name\":\"Miriam\",\"image\":{\"@type\":\"ImageObject\",\"inLanguage\":\"de\",\"@id\":\"https:\\\/\\\/miriamcastleweiss.de\\\/business\\\/wp-content\\\/uploads\\\/2021\\\/10\\\/MCW_Logodesign_RGB_Hochformat-scaled.jpg\",\"url\":\"https:\\\/\\\/miriamcastleweiss.de\\\/business\\\/wp-content\\\/uploads\\\/2021\\\/10\\\/MCW_Logodesign_RGB_Hochformat-scaled.jpg\",\"contentUrl\":\"https:\\\/\\\/miriamcastleweiss.de\\\/business\\\/wp-content\\\/uploads\\\/2021\\\/10\\\/MCW_Logodesign_RGB_Hochformat-scaled.jpg\",\"width\":2560,\"height\":1654,\"caption\":\"Miriam\"},\"logo\":{\"@id\":\"https:\\\/\\\/miriamcastleweiss.de\\\/business\\\/wp-content\\\/uploads\\\/2021\\\/10\\\/MCW_Logodesign_RGB_Hochformat-scaled.jpg\"},\"sameAs\":[\"https:\\\/\\\/miriamcastleweiss.de\\\/business\",\"https:\\\/\\\/www.facebook.com\\\/miriamcastleweiss.fotografie\",\"https:\\\/\\\/www.instagram.com\\\/miriamcastleweiss.fotografie\",\"https:\\\/\\\/www.linkedin.com\\\/in\\\/miriam-castle-weiss-568b9b214\\\/\"]}]}<\/script>\n<!-- \/ Yoast SEO plugin. -->","yoast_head_json":{"title":"Impressum - Businessfotografie Wiesbaden","robots":{"index":"noindex","follow":"nofollow"},"og_locale":"de_DE","og_type":"article","og_title":"Impressum - Businessfotografie Wiesbaden","og_description":"Impressum Miriam Castle-Weiss Sch\u00e4fergasse 3 65817 Eppstein Kontakt:Telefon: +49 178 27 15 204E-Mail: foto@miriamcastleweiss.de Umsatzsteuer-Identifikationsnummer laut \u00a727a Umsatzsteuergesetz:\u00a0DE298046025 Eingetragen als Fotograf bei der Handwerkskammer Frankfurt \u00a0 Haftungsausschluss (Disclaimer) Haftung f\u00fcr Inhalte Als Diensteanbieter sind wir gem\u00e4\u00df \u00a7 7 Abs.1 TMG f\u00fcr eigene Inhalte auf diesen Seiten nach den allgemeinen Gesetzen verantwortlich. Nach \u00a7\u00a7 8 bis [&hellip;]","og_url":"https:\/\/miriamcastleweiss.de\/business\/impressum\/","og_site_name":"Businessfotografie Wiesbaden","article_publisher":"https:\/\/www.facebook.com\/miriamcastleweiss.fotografie","article_modified_time":"2023-03-07T12:45:47+00:00","twitter_card":"summary_large_image","twitter_misc":{"Gesch\u00e4tzte Lesezeit":"2\u00a0Minuten"},"schema":{"@context":"https:\/\/schema.org","@graph":[{"@type":"WebPage","@id":"https:\/\/miriamcastleweiss.de\/business\/impressum\/","url":"https:\/\/miriamcastleweiss.de\/business\/impressum\/","name":"Impressum - Businessfotografie Wiesbaden","isPartOf":{"@id":"https:\/\/miriamcastleweiss.de\/business\/#website"},"datePublished":"2021-10-19T13:22:45+00:00","dateModified":"2023-03-07T12:45:47+00:00","breadcrumb":{"@id":"https:\/\/miriamcastleweiss.de\/business\/impressum\/#breadcrumb"},"inLanguage":"de","potentialAction":[{"@type":"ReadAction","target":["https:\/\/miriamcastleweiss.de\/business\/impressum\/"]}]},{"@type":"BreadcrumbList","@id":"https:\/\/miriamcastleweiss.de\/business\/impressum\/#breadcrumb","itemListElement":[{"@type":"ListItem","position":1,"name":"Startseite","item":"https:\/\/miriamcastleweiss.de\/business\/"},{"@type":"ListItem","position":2,"name":"Impressum"}]},{"@type":"WebSite","@id":"https:\/\/miriamcastleweiss.de\/business\/#website","url":"https:\/\/miriamcastleweiss.de\/business\/","name":"Businessfotografie Wiesbaden","description":"Businessbilder mit Geschichte","publisher":{"@id":"https:\/\/miriamcastleweiss.de\/business\/#\/schema\/person\/d01a7d24adce76fe0deb0b88233ce758"},"potentialAction":[{"@type":"SearchAction","target":{"@type":"EntryPoint","urlTemplate":"https:\/\/miriamcastleweiss.de\/business\/?s={search_term_string}"},"query-input":{"@type":"PropertyValueSpecification","valueRequired":true,"valueName":"search_term_string"}}],"inLanguage":"de"},{"@type":["Person","Organization"],"@id":"https:\/\/miriamcastleweiss.de\/business\/#\/schema\/person\/d01a7d24adce76fe0deb0b88233ce758","name":"Miriam","image":{"@type":"ImageObject","inLanguage":"de","@id":"https:\/\/miriamcastleweiss.de\/business\/wp-content\/uploads\/2021\/10\/MCW_Logodesign_RGB_Hochformat-scaled.jpg","url":"https:\/\/miriamcastleweiss.de\/business\/wp-content\/uploads\/2021\/10\/MCW_Logodesign_RGB_Hochformat-scaled.jpg","contentUrl":"https:\/\/miriamcastleweiss.de\/business\/wp-content\/uploads\/2021\/10\/MCW_Logodesign_RGB_Hochformat-scaled.jpg","width":2560,"height":1654,"caption":"Miriam"},"logo":{"@id":"https:\/\/miriamcastleweiss.de\/business\/wp-content\/uploads\/2021\/10\/MCW_Logodesign_RGB_Hochformat-scaled.jpg"},"sameAs":["https:\/\/miriamcastleweiss.de\/business","https:\/\/www.facebook.com\/miriamcastleweiss.fotografie","https:\/\/www.instagram.com\/miriamcastleweiss.fotografie","https:\/\/www.linkedin.com\/in\/miriam-castle-weiss-568b9b214\/"]}]}},"_links":{"self":[{"href":"https:\/\/miriamcastleweiss.de\/business\/wp-json\/wp\/v2\/pages\/146","targetHints":{"allow":["GET"]}}],"collection":[{"href":"https:\/\/miriamcastleweiss.de\/business\/wp-json\/wp\/v2\/pages"}],"about":[{"href":"https:\/\/miriamcastleweiss.de\/business\/wp-json\/wp\/v2\/types\/page"}],"author":[{"embeddable":true,"href":"https:\/\/miriamcastleweiss.de\/business\/wp-json\/wp\/v2\/users\/1"}],"replies":[{"embeddable":true,"href":"https:\/\/miriamcastleweiss.de\/business\/wp-json\/wp\/v2\/comments?post=146"}],"version-history":[{"count":16,"href":"https:\/\/miriamcastleweiss.de\/business\/wp-json\/wp\/v2\/pages\/146\/revisions"}],"predecessor-version":[{"id":2131,"href":"https:\/\/miriamcastleweiss.de\/business\/wp-json\/wp\/v2\/pages\/146\/revisions\/2131"}],"wp:attachment":[{"href":"https:\/\/miriamcastleweiss.de\/business\/wp-json\/wp\/v2\/media?parent=146"}],"curies":[{"name":"wp","href":"https:\/\/api.w.org\/{rel}","templated":true}]}}