{"id":233,"date":"2019-11-26T14:27:00","date_gmt":"2019-11-26T13:27:00","guid":{"rendered":"http:\/\/www.one-glimpse.com\/hochzeit\/?page_id=233"},"modified":"2026-03-03T20:58:11","modified_gmt":"2026-03-03T19:58:11","slug":"kontakt","status":"publish","type":"page","link":"https:\/\/miriamcastleweiss.de\/hochzeit\/kontakt\/","title":{"rendered":"Kontakt"},"content":{"rendered":"\t\t<div data-elementor-type=\"wp-page\" data-elementor-id=\"233\" class=\"elementor elementor-233\" data-elementor-post-type=\"page\">\n\t\t\t\t<div class=\"elementor-element elementor-element-8d55204 e-flex e-con-boxed e-con e-parent\" data-id=\"8d55204\" data-element_type=\"container\" data-e-type=\"container\">\n\t\t\t\t\t<div class=\"e-con-inner\">\n\t\t<div class=\"elementor-element elementor-element-f66d8f4 e-con-full e-flex e-con e-child\" data-id=\"f66d8f4\" data-element_type=\"container\" data-e-type=\"container\">\n\t\t\t\t<div class=\"elementor-element elementor-element-e169720 elementor-invisible elementor-widget elementor-widget-heading\" data-id=\"e169720\" data-element_type=\"widget\" data-e-type=\"widget\" data-settings=\"{&quot;_animation&quot;:&quot;slideInRight&quot;}\" data-widget_type=\"heading.default\">\n\t\t\t\t<div class=\"elementor-widget-container\">\n\t\t\t\t\t<h2 class=\"elementor-heading-title elementor-size-default\">IST euer Termin noch frei?<\/h2>\t\t\t\t<\/div>\n\t\t\t\t<\/div>\n\t\t\t\t<\/div>\n\t\t<div class=\"elementor-element elementor-element-157ecd7 e-con-full e-flex e-con e-child\" data-id=\"157ecd7\" data-element_type=\"container\" data-e-type=\"container\" data-settings=\"{&quot;background_background&quot;:&quot;classic&quot;}\">\n\t\t<div class=\"elementor-element elementor-element-55de8ad e-con-full e-flex e-con e-child\" data-id=\"55de8ad\" data-element_type=\"container\" data-e-type=\"container\" data-settings=\"{&quot;background_background&quot;:&quot;classic&quot;}\">\n\t\t\t\t<div class=\"elementor-element elementor-element-2b919a5 elementor-widget elementor-widget-html\" data-id=\"2b919a5\" data-element_type=\"widget\" data-e-type=\"widget\" data-widget_type=\"html.default\">\n\t\t\t\t<div class=\"elementor-widget-container\">\n\t\t\t\t\t<iframe width=\"100%\" height=\"1200\" src=\"https:\/\/www.fotostudio.io\/lead_forms\/13790\" frameborder=\"0\" allowfullscreen><\/iframe>\t\t\t\t<\/div>\n\t\t\t\t<\/div>\n\t\t\t\t<\/div>\n\t\t<div class=\"elementor-element elementor-element-269264f e-con-full e-flex e-con e-child\" data-id=\"269264f\" data-element_type=\"container\" data-e-type=\"container\" data-settings=\"{&quot;background_background&quot;:&quot;classic&quot;}\">\n\t\t<div class=\"elementor-element elementor-element-aa5829b e-con-full e-flex e-con e-child\" data-id=\"aa5829b\" data-element_type=\"container\" data-e-type=\"container\">\n\t\t\t\t<div class=\"elementor-element elementor-element-8e5106e elementor-invisible elementor-widget elementor-widget-text-editor\" data-id=\"8e5106e\" data-element_type=\"widget\" data-e-type=\"widget\" data-settings=\"{&quot;_animation&quot;:&quot;fadeIn&quot;,&quot;_animation_delay&quot;:&quot;200&quot;}\" data-widget_type=\"text-editor.default\">\n\t\t\t\t<div class=\"elementor-widget-container\">\n\t\t\t\t\t\t\t\t\t<p>Gerne k\u00f6nnt ihr mich <strong>telefonisch<\/strong> oder<strong> schriftlich<\/strong> kontaktieren. Ich versuche, direkt am n\u00e4chsten Werktag mit euch <strong>Kontakt<\/strong> aufzunehmen, damit ihr mir eure <strong>W\u00fcnsche<\/strong> mitteilen k\u00f6nnt.<\/p><p>Wenn ihr euch schriftlich bei mir meldet, schaut am n\u00e4chsten Tag bitte auch mal in euren <strong>Spam Ordner<\/strong>. Leider landen meine Emails manchmal dort, statt in eurem Posteingang.\u00a0<\/p><p>Ich freue mich auf eure Nachricht!<\/p><p>Viele Gr\u00fc\u00dfe<\/p><p><strong>Miriam<\/strong><\/p>\t\t\t\t\t\t\t\t<\/div>\n\t\t\t\t<\/div>\n\t\t\t\t<div class=\"elementor-element elementor-element-ea71990 elementor-hidden-tablet elementor-widget elementor-widget-image\" data-id=\"ea71990\" data-element_type=\"widget\" data-e-type=\"widget\" data-widget_type=\"image.default\">\n\t\t\t\t<div class=\"elementor-widget-container\">\n\t\t\t\t\t\t\t\t\t\t\t\t<figure class=\"wp-caption\">\n\t\t\t\t\t\t\t\t\t\t<img fetchpriority=\"high\" decoding=\"async\" width=\"800\" height=\"1202\" src=\"https:\/\/miriamcastleweiss.de\/hochzeit\/wp-content\/uploads\/2024\/01\/157-talenteaustausch-2023-monschau-miriam-klein.jpg\" class=\"attachment-large size-large wp-image-5317\" alt=\"Miriam Castle-Weiss Fotografie\" srcset=\"https:\/\/miriamcastleweiss.de\/hochzeit\/wp-content\/uploads\/2024\/01\/157-talenteaustausch-2023-monschau-miriam-klein.jpg 998w, https:\/\/miriamcastleweiss.de\/hochzeit\/wp-content\/uploads\/2024\/01\/157-talenteaustausch-2023-monschau-miriam-klein-299x450.jpg 299w, https:\/\/miriamcastleweiss.de\/hochzeit\/wp-content\/uploads\/2024\/01\/157-talenteaustausch-2023-monschau-miriam-klein-768x1154.jpg 768w\" sizes=\"(max-width: 800px) 100vw, 800px\" \/>\t\t\t\t\t\t\t\t\t\t\t<figcaption class=\"widget-image-caption wp-caption-text\">Foto: Designparaplus<\/figcaption>\n\t\t\t\t\t\t\t\t\t\t<\/figure>\n\t\t\t\t\t\t\t\t\t<\/div>\n\t\t\t\t<\/div>\n\t\t\t\t<div class=\"elementor-element elementor-element-39461f6 elementor-align-start elementor-mobile-align-center elementor-icon-list--layout-traditional elementor-list-item-link-full_width elementor-widget elementor-widget-icon-list\" data-id=\"39461f6\" data-element_type=\"widget\" data-e-type=\"widget\" data-widget_type=\"icon-list.default\">\n\t\t\t\t<div class=\"elementor-widget-container\">\n\t\t\t\t\t\t\t<ul class=\"elementor-icon-list-items\">\n\t\t\t\t\t\t\t<li class=\"elementor-icon-list-item\">\n\t\t\t\t\t\t\t\t\t\t<span class=\"elementor-icon-list-text\">Miriam Castle-Weiss Hochzeitsfotografie<\/span>\n\t\t\t\t\t\t\t\t\t<\/li>\n\t\t\t\t\t\t\t\t<li class=\"elementor-icon-list-item\">\n\t\t\t\t\t\t\t\t\t\t<span class=\"elementor-icon-list-text\">Sch\u00e4fergasse 3, 65817 Eppstein<\/span>\n\t\t\t\t\t\t\t\t\t<\/li>\n\t\t\t\t\t\t\t\t<li class=\"elementor-icon-list-item\">\n\t\t\t\t\t\t\t\t\t\t\t<a href=\"tel:+49%20178%2027%2015%20204\">\n\n\t\t\t\t\t\t\t\t\t\t\t<span class=\"elementor-icon-list-text\">+49 178 27 15 204<\/span>\n\t\t\t\t\t\t\t\t\t\t\t<\/a>\n\t\t\t\t\t\t\t\t\t<\/li>\n\t\t\t\t\t\t\t\t<li class=\"elementor-icon-list-item\">\n\t\t\t\t\t\t\t\t\t\t\t<a href=\"mailto:foto@miriamcastleweiss.de?subject=Hochzeitsanfrage%20(Datum)\">\n\n\t\t\t\t\t\t\t\t\t\t\t<span class=\"elementor-icon-list-text\">foto@miriamcastleweiss.de<\/span>\n\t\t\t\t\t\t\t\t\t\t\t<\/a>\n\t\t\t\t\t\t\t\t\t<\/li>\n\t\t\t\t\t\t<\/ul>\n\t\t\t\t\t\t<\/div>\n\t\t\t\t<\/div>\n\t\t\t\t<\/div>\n\t\t\t\t<\/div>\n\t\t\t\t<\/div>\n\t\t\t\t\t<\/div>\n\t\t\t\t<\/div>\n\t\t<div class=\"elementor-element elementor-element-b5e2059 e-flex e-con-boxed e-con e-parent\" data-id=\"b5e2059\" data-element_type=\"container\" data-e-type=\"container\">\n\t\t\t\t\t<div class=\"e-con-inner\">\n\t\t\t\t<div class=\"elementor-element elementor-element-7328dbf elementor-widget elementor-widget-google_maps\" data-id=\"7328dbf\" data-element_type=\"widget\" data-e-type=\"widget\" data-widget_type=\"google_maps.default\">\n\t\t\t\t<div class=\"elementor-widget-container\">\n\t\t\t\t\t\t\t<div class=\"elementor-custom-embed\">\n\t\t\t<iframe loading=\"lazy\"\n\t\t\t\t\tsrc=\"https:\/\/maps.google.com\/maps?q=Miriam%20Castle-Weiss&#038;t=m&#038;z=14&#038;output=embed&#038;iwloc=near\"\n\t\t\t\t\ttitle=\"Miriam Castle-Weiss\"\n\t\t\t\t\taria-label=\"Miriam Castle-Weiss\"\n\t\t\t><\/iframe>\n\t\t<\/div>\n\t\t\t\t\t\t<\/div>\n\t\t\t\t<\/div>\n\t\t\t\t\t<\/div>\n\t\t\t\t<\/div>\n\t\t\t\t<\/div>\n\t\t","protected":false},"excerpt":{"rendered":"<p>IST euer Termin noch frei? Gerne k\u00f6nnt ihr mich telefonisch oder schriftlich kontaktieren. Ich versuche, direkt am n\u00e4chsten Werktag mit euch Kontakt aufzunehmen, damit ihr mir eure W\u00fcnsche mitteilen k\u00f6nnt. Wenn ihr euch schriftlich bei mir meldet, schaut am n\u00e4chsten Tag bitte auch mal in euren Spam Ordner. Leider landen meine Emails manchmal dort, statt [&hellip;]<\/p>\n","protected":false},"author":1,"featured_media":0,"parent":0,"menu_order":0,"comment_status":"closed","ping_status":"closed","template":"","meta":{"_acf_changed":false,"footnotes":""},"class_list":["post-233","page","type-page","status-publish","hentry"],"acf":[],"yoast_head":"<!-- This site is optimized with the Yoast SEO plugin v27.6 - https:\/\/yoast.com\/product\/yoast-seo-wordpress\/ -->\n<title>Kontakt - Hochzeitsfotografie Wiesbaden<\/title>\n<meta name=\"description\" content=\"Kontaktiere mich f\u00fcr ein Kennenlerngespr\u00e4ch gerne via Telefon oder Email. Gerne begleite ich deine Hochzeit im Rhein-Main-Gebiet.\" \/>\n<meta name=\"robots\" content=\"index, follow, max-snippet:-1, max-image-preview:large, max-video-preview:-1\" \/>\n<link rel=\"canonical\" href=\"https:\/\/miriamcastleweiss.de\/hochzeit\/kontakt\/\" \/>\n<meta property=\"og:locale\" content=\"de_DE\" \/>\n<meta property=\"og:type\" content=\"article\" \/>\n<meta property=\"og:title\" content=\"Kontakt - Hochzeitsfotografie Wiesbaden\" \/>\n<meta property=\"og:description\" content=\"Kontaktiere mich f\u00fcr ein Kennenlerngespr\u00e4ch gerne via Telefon oder Email. Gerne begleite ich deine Hochzeit im Rhein-Main-Gebiet.\" \/>\n<meta property=\"og:url\" content=\"https:\/\/miriamcastleweiss.de\/hochzeit\/kontakt\/\" \/>\n<meta property=\"og:site_name\" content=\"Hochzeitsfotografie Wiesbaden\" \/>\n<meta property=\"article:publisher\" content=\"https:\/\/www.facebook.com\/miriamcastleweiss.fotografie\" \/>\n<meta property=\"article:modified_time\" content=\"2026-03-03T19:58:11+00:00\" \/>\n<meta property=\"og:image\" content=\"https:\/\/miriamcastleweiss.de\/hochzeit\/wp-content\/uploads\/2024\/01\/157-talenteaustausch-2023-monschau-miriam-klein.jpg\" \/>\n\t<meta property=\"og:image:width\" content=\"998\" \/>\n\t<meta property=\"og:image:height\" content=\"1500\" \/>\n\t<meta property=\"og:image:type\" content=\"image\/jpeg\" \/>\n<meta name=\"twitter:card\" content=\"summary_large_image\" \/>\n<meta name=\"twitter:label1\" content=\"Gesch\u00e4tzte Lesezeit\" \/>\n\t<meta name=\"twitter:data1\" content=\"1\u00a0Minute\" \/>\n<script type=\"application\/ld+json\" class=\"yoast-schema-graph\">{\"@context\":\"https:\\\/\\\/schema.org\",\"@graph\":[{\"@type\":\"WebPage\",\"@id\":\"https:\\\/\\\/miriamcastleweiss.de\\\/hochzeit\\\/kontakt\\\/\",\"url\":\"https:\\\/\\\/miriamcastleweiss.de\\\/hochzeit\\\/kontakt\\\/\",\"name\":\"Kontakt - Hochzeitsfotografie Wiesbaden\",\"isPartOf\":{\"@id\":\"https:\\\/\\\/miriamcastleweiss.de\\\/hochzeit\\\/#website\"},\"primaryImageOfPage\":{\"@id\":\"https:\\\/\\\/miriamcastleweiss.de\\\/hochzeit\\\/kontakt\\\/#primaryimage\"},\"image\":{\"@id\":\"https:\\\/\\\/miriamcastleweiss.de\\\/hochzeit\\\/kontakt\\\/#primaryimage\"},\"thumbnailUrl\":\"https:\\\/\\\/miriamcastleweiss.de\\\/hochzeit\\\/wp-content\\\/uploads\\\/2024\\\/01\\\/157-talenteaustausch-2023-monschau-miriam-klein.jpg\",\"datePublished\":\"2019-11-26T13:27:00+00:00\",\"dateModified\":\"2026-03-03T19:58:11+00:00\",\"description\":\"Kontaktiere mich f\u00fcr ein Kennenlerngespr\u00e4ch gerne via Telefon oder Email. Gerne begleite ich deine Hochzeit im Rhein-Main-Gebiet.\",\"breadcrumb\":{\"@id\":\"https:\\\/\\\/miriamcastleweiss.de\\\/hochzeit\\\/kontakt\\\/#breadcrumb\"},\"inLanguage\":\"de\",\"potentialAction\":[{\"@type\":\"ReadAction\",\"target\":[\"https:\\\/\\\/miriamcastleweiss.de\\\/hochzeit\\\/kontakt\\\/\"]}]},{\"@type\":\"ImageObject\",\"inLanguage\":\"de\",\"@id\":\"https:\\\/\\\/miriamcastleweiss.de\\\/hochzeit\\\/kontakt\\\/#primaryimage\",\"url\":\"https:\\\/\\\/miriamcastleweiss.de\\\/hochzeit\\\/wp-content\\\/uploads\\\/2024\\\/01\\\/157-talenteaustausch-2023-monschau-miriam-klein.jpg\",\"contentUrl\":\"https:\\\/\\\/miriamcastleweiss.de\\\/hochzeit\\\/wp-content\\\/uploads\\\/2024\\\/01\\\/157-talenteaustausch-2023-monschau-miriam-klein.jpg\",\"width\":998,\"height\":1500,\"caption\":\"Miriam Castle-Weiss Fotografie\"},{\"@type\":\"BreadcrumbList\",\"@id\":\"https:\\\/\\\/miriamcastleweiss.de\\\/hochzeit\\\/kontakt\\\/#breadcrumb\",\"itemListElement\":[{\"@type\":\"ListItem\",\"position\":1,\"name\":\"Startseite\",\"item\":\"https:\\\/\\\/miriamcastleweiss.de\\\/hochzeit\\\/\"},{\"@type\":\"ListItem\",\"position\":2,\"name\":\"Kontakt\"}]},{\"@type\":\"WebSite\",\"@id\":\"https:\\\/\\\/miriamcastleweiss.de\\\/hochzeit\\\/#website\",\"url\":\"https:\\\/\\\/miriamcastleweiss.de\\\/hochzeit\\\/\",\"name\":\"Hochzeitsfotografie Wiesbaden\",\"description\":\"Hochzeitsbilder mit Geschichte\",\"publisher\":{\"@id\":\"https:\\\/\\\/miriamcastleweiss.de\\\/hochzeit\\\/#\\\/schema\\\/person\\\/453ac2a4756298cb580f64a5136fb69f\"},\"potentialAction\":[{\"@type\":\"SearchAction\",\"target\":{\"@type\":\"EntryPoint\",\"urlTemplate\":\"https:\\\/\\\/miriamcastleweiss.de\\\/hochzeit\\\/?s={search_term_string}\"},\"query-input\":{\"@type\":\"PropertyValueSpecification\",\"valueRequired\":true,\"valueName\":\"search_term_string\"}}],\"inLanguage\":\"de\"},{\"@type\":[\"Person\",\"Organization\"],\"@id\":\"https:\\\/\\\/miriamcastleweiss.de\\\/hochzeit\\\/#\\\/schema\\\/person\\\/453ac2a4756298cb580f64a5136fb69f\",\"name\":\"Miriam\",\"image\":{\"@type\":\"ImageObject\",\"inLanguage\":\"de\",\"@id\":\"https:\\\/\\\/miriamcastleweiss.de\\\/hochzeit\\\/wp-content\\\/uploads\\\/2024\\\/01\\\/MCW_Logodesign_RGB_Querformat-scaled.jpg\",\"url\":\"https:\\\/\\\/miriamcastleweiss.de\\\/hochzeit\\\/wp-content\\\/uploads\\\/2024\\\/01\\\/MCW_Logodesign_RGB_Querformat-scaled.jpg\",\"contentUrl\":\"https:\\\/\\\/miriamcastleweiss.de\\\/hochzeit\\\/wp-content\\\/uploads\\\/2024\\\/01\\\/MCW_Logodesign_RGB_Querformat-scaled.jpg\",\"width\":2560,\"height\":1139,\"caption\":\"Miriam\"},\"logo\":{\"@id\":\"https:\\\/\\\/miriamcastleweiss.de\\\/hochzeit\\\/wp-content\\\/uploads\\\/2024\\\/01\\\/MCW_Logodesign_RGB_Querformat-scaled.jpg\"},\"sameAs\":[\"https:\\\/\\\/www.facebook.com\\\/miriamcastleweiss.fotografie\",\"https:\\\/\\\/www.instagram.com\\\/miriamcastleweiss.fotografie\",\"https:\\\/\\\/www.linkedin.com\\\/in\\\/miriam-castle-weiss-568b9b214\\\/\"]}]}<\/script>\n<!-- \/ Yoast SEO plugin. -->","yoast_head_json":{"title":"Kontakt - Hochzeitsfotografie Wiesbaden","description":"Kontaktiere mich f\u00fcr ein Kennenlerngespr\u00e4ch gerne via Telefon oder Email. Gerne begleite ich deine Hochzeit im Rhein-Main-Gebiet.","robots":{"index":"index","follow":"follow","max-snippet":"max-snippet:-1","max-image-preview":"max-image-preview:large","max-video-preview":"max-video-preview:-1"},"canonical":"https:\/\/miriamcastleweiss.de\/hochzeit\/kontakt\/","og_locale":"de_DE","og_type":"article","og_title":"Kontakt - Hochzeitsfotografie Wiesbaden","og_description":"Kontaktiere mich f\u00fcr ein Kennenlerngespr\u00e4ch gerne via Telefon oder Email. Gerne begleite ich deine Hochzeit im Rhein-Main-Gebiet.","og_url":"https:\/\/miriamcastleweiss.de\/hochzeit\/kontakt\/","og_site_name":"Hochzeitsfotografie Wiesbaden","article_publisher":"https:\/\/www.facebook.com\/miriamcastleweiss.fotografie","article_modified_time":"2026-03-03T19:58:11+00:00","og_image":[{"width":998,"height":1500,"url":"https:\/\/miriamcastleweiss.de\/hochzeit\/wp-content\/uploads\/2024\/01\/157-talenteaustausch-2023-monschau-miriam-klein.jpg","type":"image\/jpeg"}],"twitter_card":"summary_large_image","twitter_misc":{"Gesch\u00e4tzte Lesezeit":"1\u00a0Minute"},"schema":{"@context":"https:\/\/schema.org","@graph":[{"@type":"WebPage","@id":"https:\/\/miriamcastleweiss.de\/hochzeit\/kontakt\/","url":"https:\/\/miriamcastleweiss.de\/hochzeit\/kontakt\/","name":"Kontakt - Hochzeitsfotografie Wiesbaden","isPartOf":{"@id":"https:\/\/miriamcastleweiss.de\/hochzeit\/#website"},"primaryImageOfPage":{"@id":"https:\/\/miriamcastleweiss.de\/hochzeit\/kontakt\/#primaryimage"},"image":{"@id":"https:\/\/miriamcastleweiss.de\/hochzeit\/kontakt\/#primaryimage"},"thumbnailUrl":"https:\/\/miriamcastleweiss.de\/hochzeit\/wp-content\/uploads\/2024\/01\/157-talenteaustausch-2023-monschau-miriam-klein.jpg","datePublished":"2019-11-26T13:27:00+00:00","dateModified":"2026-03-03T19:58:11+00:00","description":"Kontaktiere mich f\u00fcr ein Kennenlerngespr\u00e4ch gerne via Telefon oder Email. Gerne begleite ich deine Hochzeit im Rhein-Main-Gebiet.","breadcrumb":{"@id":"https:\/\/miriamcastleweiss.de\/hochzeit\/kontakt\/#breadcrumb"},"inLanguage":"de","potentialAction":[{"@type":"ReadAction","target":["https:\/\/miriamcastleweiss.de\/hochzeit\/kontakt\/"]}]},{"@type":"ImageObject","inLanguage":"de","@id":"https:\/\/miriamcastleweiss.de\/hochzeit\/kontakt\/#primaryimage","url":"https:\/\/miriamcastleweiss.de\/hochzeit\/wp-content\/uploads\/2024\/01\/157-talenteaustausch-2023-monschau-miriam-klein.jpg","contentUrl":"https:\/\/miriamcastleweiss.de\/hochzeit\/wp-content\/uploads\/2024\/01\/157-talenteaustausch-2023-monschau-miriam-klein.jpg","width":998,"height":1500,"caption":"Miriam Castle-Weiss Fotografie"},{"@type":"BreadcrumbList","@id":"https:\/\/miriamcastleweiss.de\/hochzeit\/kontakt\/#breadcrumb","itemListElement":[{"@type":"ListItem","position":1,"name":"Startseite","item":"https:\/\/miriamcastleweiss.de\/hochzeit\/"},{"@type":"ListItem","position":2,"name":"Kontakt"}]},{"@type":"WebSite","@id":"https:\/\/miriamcastleweiss.de\/hochzeit\/#website","url":"https:\/\/miriamcastleweiss.de\/hochzeit\/","name":"Hochzeitsfotografie Wiesbaden","description":"Hochzeitsbilder mit Geschichte","publisher":{"@id":"https:\/\/miriamcastleweiss.de\/hochzeit\/#\/schema\/person\/453ac2a4756298cb580f64a5136fb69f"},"potentialAction":[{"@type":"SearchAction","target":{"@type":"EntryPoint","urlTemplate":"https:\/\/miriamcastleweiss.de\/hochzeit\/?s={search_term_string}"},"query-input":{"@type":"PropertyValueSpecification","valueRequired":true,"valueName":"search_term_string"}}],"inLanguage":"de"},{"@type":["Person","Organization"],"@id":"https:\/\/miriamcastleweiss.de\/hochzeit\/#\/schema\/person\/453ac2a4756298cb580f64a5136fb69f","name":"Miriam","image":{"@type":"ImageObject","inLanguage":"de","@id":"https:\/\/miriamcastleweiss.de\/hochzeit\/wp-content\/uploads\/2024\/01\/MCW_Logodesign_RGB_Querformat-scaled.jpg","url":"https:\/\/miriamcastleweiss.de\/hochzeit\/wp-content\/uploads\/2024\/01\/MCW_Logodesign_RGB_Querformat-scaled.jpg","contentUrl":"https:\/\/miriamcastleweiss.de\/hochzeit\/wp-content\/uploads\/2024\/01\/MCW_Logodesign_RGB_Querformat-scaled.jpg","width":2560,"height":1139,"caption":"Miriam"},"logo":{"@id":"https:\/\/miriamcastleweiss.de\/hochzeit\/wp-content\/uploads\/2024\/01\/MCW_Logodesign_RGB_Querformat-scaled.jpg"},"sameAs":["https:\/\/www.facebook.com\/miriamcastleweiss.fotografie","https:\/\/www.instagram.com\/miriamcastleweiss.fotografie","https:\/\/www.linkedin.com\/in\/miriam-castle-weiss-568b9b214\/"]}]}},"_links":{"self":[{"href":"https:\/\/miriamcastleweiss.de\/hochzeit\/wp-json\/wp\/v2\/pages\/233","targetHints":{"allow":["GET"]}}],"collection":[{"href":"https:\/\/miriamcastleweiss.de\/hochzeit\/wp-json\/wp\/v2\/pages"}],"about":[{"href":"https:\/\/miriamcastleweiss.de\/hochzeit\/wp-json\/wp\/v2\/types\/page"}],"author":[{"embeddable":true,"href":"https:\/\/miriamcastleweiss.de\/hochzeit\/wp-json\/wp\/v2\/users\/1"}],"replies":[{"embeddable":true,"href":"https:\/\/miriamcastleweiss.de\/hochzeit\/wp-json\/wp\/v2\/comments?post=233"}],"version-history":[{"count":171,"href":"https:\/\/miriamcastleweiss.de\/hochzeit\/wp-json\/wp\/v2\/pages\/233\/revisions"}],"predecessor-version":[{"id":7213,"href":"https:\/\/miriamcastleweiss.de\/hochzeit\/wp-json\/wp\/v2\/pages\/233\/revisions\/7213"}],"wp:attachment":[{"href":"https:\/\/miriamcastleweiss.de\/hochzeit\/wp-json\/wp\/v2\/media?parent=233"}],"curies":[{"name":"wp","href":"https:\/\/api.w.org\/{rel}","templated":true}]}}